{"id":11611,"date":"2024-06-25T18:17:33","date_gmt":"2024-06-25T16:17:33","guid":{"rendered":"https:\/\/velari.it\/?page_id=11611"},"modified":"2024-06-25T18:31:05","modified_gmt":"2024-06-25T16:31:05","slug":"privacy-policy","status":"publish","type":"page","link":"https:\/\/velari.it\/en\/privacy-policy\/","title":{"rendered":"Privacy Policy"},"content":{"rendered":"<div class=\"wpb-content-wrapper\"><p>[vc_row][vc_column][vc_empty_space height=&#8221;50px&#8221;][\/vc_column][\/vc_row][vc_row][vc_column width=&#8221;1\/6&#8243;][vc_empty_space height=&#8221;50px&#8221;][\/vc_column][vc_column width=&#8221;2\/3&#8243;][vc_column_text]<\/p>\n<h1 style=\"text-align: center;\">Privacy Policy<\/h1>\n<p>&nbsp;<\/p>\n<p>[\/vc_column_text][vc_empty_space height=&#8221;30px&#8221;][vc_column_text]<\/p>\n<h4>INFORMATIVA SUL TRATTAMENTO DEI DATI PERSONALI<\/h4>\n<p>Ai sensi dell\u2019Art. 13, D. Lgs. 196\/2003 e delle successive modifiche introdotte dal Regolamento UE 2016\/679, (conosciuto come GDPR), d\u2019ora in avanti \u201cil Regolamento\u201d, AZIENDA AGRICOLA TENUTA IL MORO DI DAIDONE B. E MANNINO A. S.S (d&#8217;ora in avanti &#8220;L&#8217;AZIENDA&#8221;) desidera informare che il D.lgs. n. 196 del 30 giugno 2003 (\u201cCodice in materia di protezione dei dati personali\u201d), successivamente modificato General Data Protection Regulation (Regolamento UE 2016\/679) prevede la tutela delle persone e di altri soggetti rispetto al trattamento dei dati personali necessari per dare risposta alla sua Richiesta di informazioni. L\u2019utilizzo dei Suoi dati personali da parte del proprio personale incaricato avverr\u00e0 secondo le finalit\u00e0 e con le modalit\u00e0 indicate nella presente informativa.<\/p>\n<p><strong><em>Ultimo aggiornamento: 25\/06\/2024<\/em><\/strong><\/p>\n<h4>FINALIT\u00c0 DEL TRATTAMENTO DATI<\/h4>\n<p>I dati personali verranno raccolti e processati per le seguenti finalit\u00e0:<br \/>\n\u2013 identificare o contattare l\u2019utente per la fornitura di un servizio o l\u2019esecuzione delle operazioni richieste;<br \/>\n\u2013 consentire all\u2019utente di beneficiare di un servizio, ad esempio per ricevere informazioni sull&#8217;AZIENDA ;<\/p>\n<p>I dati, dopo espressa approvazione, potranno essere inviati ed elaborati da societ\u00e0 esterne (es. Google Analytics) per la realizzazione di statistiche sui flussi di navigazione del sito.<\/p>\n<h4>MODALIT\u00c0 DEL TRATTAMENTO<\/h4>\n<p>I dati personali sono trattati con strumenti automatizzati per il tempo strettamente necessario a conseguire gli scopi per cui sono stati raccolti.<\/p>\n<h4>LIBERT\u00c0 NELLA FORNITURA DEI DATI<\/h4>\n<p>L\u2019utente \u00e8 libero di fornire o meno i suoi dati personali. Il mancato conferimento di tali dati potrebbe comunque compromettere la fornitura del servizio richiesto.<\/p>\n<h4>UTILIZZO DEI DATI<\/h4>\n<p>Le informazioni personali raccolte sui siti possono essere memorizzate ed elaborate in Italia o in qualsiasi altro paese dell\u2019UE in cui l&#8217;AZIENDA possiede rapporti di fornitura di servizi (ad esempio un mantainer web o in provider di posta elettronica).<\/p>\n<h4>CONTROLLO E TRASFERIMENTO DEI DATI PERSONALI<\/h4>\n<p>I dati raccolti, se necessario, o con l\u2019obiettivo della realizzazione degli scopi gi\u00e0 dichiarati, possono essere gestiti da un terzo soggetto designato a tale scopo, come responsabile esterno del trattamento e se ritenuto appropriato, comunicati a loro titolari di dati indipendenti. A tal fine, vengono assunte appropriate misure di sicurezza per prevenire la perdita dei dati, usi illeciti o non corretti ed accessi non autorizzati. I dati personali possono essere trasferiti all\u2019estero, all\u2019interno dell\u2019UE.<\/p>\n<p>Come descritto nella sezione seguente, l\u2019utente pu\u00f2 accedere ai propri dati personali ed esprimere preferenze sulle modalit\u00e0 in cui si desidera essere contattato.<br \/>\nL&#8217;AZIENDA \u00e8 autorizzata a divulgare le informazioni personali, solo se obbligata per legge, o nel caso in cui ci sia la ferma convinzione che tale azione sia necessaria per (a) conformit\u00e0 alla legge o per adeguarsi alle disposizioni di un atto giuridico con il coinvolgimento dell&#8217;AZIENDA o del sito; (b) proteggere e difendere i diritti o la propriet\u00e0 dell&#8217;AZIENDA o del sito, (c) agire in circostanze estreme per proteggere la sicurezza personale del titolare, degli utenti o dei servizi dell&#8217;AZIENDA o del sito.<\/p>\n<h4>ACCESSO AI DATI PERSONALI ( ART. 7. D. LGS. 196, 30 GIUGNO 2003 e ART.17 Regolamento UE\/2016\/679)<\/h4>\n<p>L\u2019utente ha il diritto, in qualunque momento, di ottenere dal Titolare (utilizzando il modulo fornito dal Garante per la protezione dei dati personali,\u00a0<a href=\"https:\/\/www.garanteprivacy.it\/\">www.garanteprivacy.it<\/a>) comunicazione sull\u2019esistenza o meno di dati personali che riguardano lui \/ lei ed essere informato del loro contenuto, dell\u2019origine, verificarne la precisione, oppure richiedere che tali dati vengano integrati, aggiornati oppure cancellati (Diritto all\u2019oblio).<br \/>\nPer esercitare tali diritti, \u00e8 sufficiente contattare il Titolare attraverso uno dei canali messi a disposizione.<\/p>\n<h4>PROTEZIONE DEI DATI PERSONALI<\/h4>\n<p>L&#8217;AZIENDA o del sito si impegna a proteggere incondizionatamente la riservatezza delle informazioni personali degli utenti del sito.<\/p>\n<p>Le diverse tecnologie e procedure di protezione utilizzate sono finalizzate a proteggere le informazioni personali da accessi non autorizzati, uso o divulgazione.<br \/>\nPer tale motivo, le informazioni personali vengono memorizzate su sistemi di computer ad accesso limitato, collocati in strutture controllate. Inoltre, quando i dati personali altamente riservati vengono trasmessi su Internet, sono protetti tramite crittografia, ad esempio con protocollo SSL (Secure Sockets Layer).<br \/>\nL&#8217;AZIENDA si impegna inoltre, ai sensi degli articoli 33 e 34 del Regolamento, a comunicare entro e non oltre 72 ore dall\u2019avvenuta rilevazione, ogni problematica che possa aver introdotto la perdita, la diffusione o compromissione dei dati personali raccolti (Data Breach).<br \/>\nTale comunicazione avverr\u00e0 in primo luogo all\u2019autorit\u00e0 garante competente, e, in seguito, anche ai diretti interessati, in maniera personale o tramite comunicazione pubblica, a seconda dell\u2019entit\u00e0 dei soggetti coinvolti.<\/p>\n<h4>COOKIES INSTALLATI<\/h4>\n<p>Consultare la pagina dedicata alla <a href=\"https:\/\/velari.it\/en\/cookie-policy-ue\/\">COOKIE POLICY<\/a><\/p>\n<h4>MODIFICHE A QUESTA INFORMATIVA SULLA PRIVACY<\/h4>\n<p>L&#8217;AZIENDA sar\u00e0 in grado di aggiornare, occasionalmente, la presente informativa sulla privacy.<br \/>\nIn questi casi, la data all\u2019inizio della informativa verr\u00e0 modificata a quella dell\u2019ultimo aggiornamento.<br \/>\nIn caso di modifiche sostanziali al contenuto dell\u2019informativa, l&#8217;AZIENDA informer\u00e0 gli utenti pubblicando avvisi home page del sito, o in alternativa, inviando direttamente avvisi agli utenti. L&#8217;AZIENDA suggerisce la lettura periodicamente questa informativa sulla privacy, in modo da poter essere sempre aggiornati sulle iniziative svolte da l&#8217;AZIENDA per proteggere la riservatezza delle informazioni personali raccolte.<\/p>\n<h4>TITOLARE DEI DATI<\/h4>\n<p>Il titolare dei dati \u00e8 &#8220;Azienda Agricola Tenuta il Moro di Daidone B. e Mannino A. s.s&#8221;, P.IVA 01279320525 .<\/p>\n<h4>CONTATTI<\/h4>\n<p>Tutte le richieste, incluse quelle relative all\u2019esercizio degli articoli 7 D.Lgs. 196\/2003 e 17 UE\/2016\/679, dovranno essere indirizzate a <a href=\"mailto:info@velari.it\">info@velari.it<\/a>.<\/p>\n<p>[\/vc_column_text][\/vc_column][vc_column width=&#8221;1\/6&#8243;][\/vc_column][\/vc_row]<\/p>\n<\/div>","protected":false},"excerpt":{"rendered":"<p>[vc_row][vc_column][vc_empty_space height=&#8221;50px&#8221;][\/vc_column][\/vc_row][vc_row][vc_column width=&#8221;1\/6&#8243;][vc_empty_space height=&#8221;50px&#8221;][\/vc_column][vc_column width=&#8221;2\/3&#8243;][vc_column_text] Privacy Policy &nbsp; [\/vc_column_text][vc_empty_space height=&#8221;30px&#8221;][vc_column_text] INFORMATIVA SUL TRATTAMENTO DEI DATI PERSONALI Ai sensi dell\u2019Art. 13, D. Lgs. 196\/2003 e delle&#8230;<\/p>\n","protected":false},"author":5,"featured_media":0,"parent":0,"menu_order":0,"comment_status":"closed","ping_status":"closed","template":"","meta":{"footnotes":""},"class_list":["post-11611","page","type-page","status-publish","hentry"],"yoast_head":"<!-- This site is optimized with the Yoast SEO plugin v26.8 - https:\/\/yoast.com\/product\/yoast-seo-wordpress\/ -->\n<title>Privacy Policy - Velari<\/title>\n<meta name=\"robots\" content=\"index, follow, max-snippet:-1, max-image-preview:large, max-video-preview:-1\" \/>\n<link rel=\"canonical\" href=\"https:\/\/velari.it\/en\/privacy-policy\/\" \/>\n<meta property=\"og:locale\" content=\"en_US\" \/>\n<meta property=\"og:type\" content=\"article\" \/>\n<meta property=\"og:title\" content=\"Privacy Policy - Velari\" \/>\n<meta property=\"og:description\" content=\"[vc_row][vc_column][vc_empty_space height=&#8221;50px&#8221;][\/vc_column][\/vc_row][vc_row][vc_column width=&#8221;1\/6&#8243;][vc_empty_space height=&#8221;50px&#8221;][\/vc_column][vc_column width=&#8221;2\/3&#8243;][vc_column_text] Privacy Policy &nbsp; [\/vc_column_text][vc_empty_space height=&#8221;30px&#8221;][vc_column_text] INFORMATIVA SUL TRATTAMENTO DEI DATI PERSONALI Ai sensi dell\u2019Art. 13, D. Lgs. 196\/2003 e delle...\" \/>\n<meta property=\"og:url\" content=\"https:\/\/velari.it\/en\/privacy-policy\/\" \/>\n<meta property=\"og:site_name\" content=\"Velari\" \/>\n<meta property=\"article:modified_time\" content=\"2024-06-25T16:31:05+00:00\" \/>\n<meta name=\"twitter:card\" content=\"summary_large_image\" \/>\n<meta name=\"twitter:label1\" content=\"Est. reading time\" \/>\n\t<meta name=\"twitter:data1\" content=\"5 minutes\" \/>\n<script type=\"application\/ld+json\" class=\"yoast-schema-graph\">{\"@context\":\"https:\/\/schema.org\",\"@graph\":[{\"@type\":\"WebPage\",\"@id\":\"https:\/\/velari.it\/en\/privacy-policy\/\",\"url\":\"https:\/\/velari.it\/en\/privacy-policy\/\",\"name\":\"Privacy Policy - Velari\",\"isPartOf\":{\"@id\":\"https:\/\/velari.it\/en\/#website\"},\"datePublished\":\"2024-06-25T16:17:33+00:00\",\"dateModified\":\"2024-06-25T16:31:05+00:00\",\"breadcrumb\":{\"@id\":\"https:\/\/velari.it\/en\/privacy-policy\/#breadcrumb\"},\"inLanguage\":\"en-US\",\"potentialAction\":[{\"@type\":\"ReadAction\",\"target\":[\"https:\/\/velari.it\/en\/privacy-policy\/\"]}]},{\"@type\":\"BreadcrumbList\",\"@id\":\"https:\/\/velari.it\/en\/privacy-policy\/#breadcrumb\",\"itemListElement\":[{\"@type\":\"ListItem\",\"position\":1,\"name\":\"Home\",\"item\":\"https:\/\/velari.it\/en\/\"},{\"@type\":\"ListItem\",\"position\":2,\"name\":\"Privacy Policy\"}]},{\"@type\":\"WebSite\",\"@id\":\"https:\/\/velari.it\/en\/#website\",\"url\":\"https:\/\/velari.it\/en\/\",\"name\":\"Velari\",\"description\":\"Exclusive Villa in Tuscany\",\"potentialAction\":[{\"@type\":\"SearchAction\",\"target\":{\"@type\":\"EntryPoint\",\"urlTemplate\":\"https:\/\/velari.it\/en\/?s={search_term_string}\"},\"query-input\":{\"@type\":\"PropertyValueSpecification\",\"valueRequired\":true,\"valueName\":\"search_term_string\"}}],\"inLanguage\":\"en-US\"}]}<\/script>\n<!-- \/ Yoast SEO plugin. -->","yoast_head_json":{"title":"Privacy Policy - Velari","robots":{"index":"index","follow":"follow","max-snippet":"max-snippet:-1","max-image-preview":"max-image-preview:large","max-video-preview":"max-video-preview:-1"},"canonical":"https:\/\/velari.it\/en\/privacy-policy\/","og_locale":"en_US","og_type":"article","og_title":"Privacy Policy - Velari","og_description":"[vc_row][vc_column][vc_empty_space height=&#8221;50px&#8221;][\/vc_column][\/vc_row][vc_row][vc_column width=&#8221;1\/6&#8243;][vc_empty_space height=&#8221;50px&#8221;][\/vc_column][vc_column width=&#8221;2\/3&#8243;][vc_column_text] Privacy Policy &nbsp; [\/vc_column_text][vc_empty_space height=&#8221;30px&#8221;][vc_column_text] INFORMATIVA SUL TRATTAMENTO DEI DATI PERSONALI Ai sensi dell\u2019Art. 13, D. Lgs. 196\/2003 e delle...","og_url":"https:\/\/velari.it\/en\/privacy-policy\/","og_site_name":"Velari","article_modified_time":"2024-06-25T16:31:05+00:00","twitter_card":"summary_large_image","twitter_misc":{"Est. reading time":"5 minutes"},"schema":{"@context":"https:\/\/schema.org","@graph":[{"@type":"WebPage","@id":"https:\/\/velari.it\/en\/privacy-policy\/","url":"https:\/\/velari.it\/en\/privacy-policy\/","name":"Privacy Policy - Velari","isPartOf":{"@id":"https:\/\/velari.it\/en\/#website"},"datePublished":"2024-06-25T16:17:33+00:00","dateModified":"2024-06-25T16:31:05+00:00","breadcrumb":{"@id":"https:\/\/velari.it\/en\/privacy-policy\/#breadcrumb"},"inLanguage":"en-US","potentialAction":[{"@type":"ReadAction","target":["https:\/\/velari.it\/en\/privacy-policy\/"]}]},{"@type":"BreadcrumbList","@id":"https:\/\/velari.it\/en\/privacy-policy\/#breadcrumb","itemListElement":[{"@type":"ListItem","position":1,"name":"Home","item":"https:\/\/velari.it\/en\/"},{"@type":"ListItem","position":2,"name":"Privacy Policy"}]},{"@type":"WebSite","@id":"https:\/\/velari.it\/en\/#website","url":"https:\/\/velari.it\/en\/","name":"Velari","description":"Exclusive Villa in Tuscany","potentialAction":[{"@type":"SearchAction","target":{"@type":"EntryPoint","urlTemplate":"https:\/\/velari.it\/en\/?s={search_term_string}"},"query-input":{"@type":"PropertyValueSpecification","valueRequired":true,"valueName":"search_term_string"}}],"inLanguage":"en-US"}]}},"_links":{"self":[{"href":"https:\/\/velari.it\/en\/wp-json\/wp\/v2\/pages\/11611","targetHints":{"allow":["GET"]}}],"collection":[{"href":"https:\/\/velari.it\/en\/wp-json\/wp\/v2\/pages"}],"about":[{"href":"https:\/\/velari.it\/en\/wp-json\/wp\/v2\/types\/page"}],"author":[{"embeddable":true,"href":"https:\/\/velari.it\/en\/wp-json\/wp\/v2\/users\/5"}],"replies":[{"embeddable":true,"href":"https:\/\/velari.it\/en\/wp-json\/wp\/v2\/comments?post=11611"}],"version-history":[{"count":4,"href":"https:\/\/velari.it\/en\/wp-json\/wp\/v2\/pages\/11611\/revisions"}],"predecessor-version":[{"id":11620,"href":"https:\/\/velari.it\/en\/wp-json\/wp\/v2\/pages\/11611\/revisions\/11620"}],"wp:attachment":[{"href":"https:\/\/velari.it\/en\/wp-json\/wp\/v2\/media?parent=11611"}],"curies":[{"name":"wp","href":"https:\/\/api.w.org\/{rel}","templated":true}]}}

<div class="wpb-content-wrapper"><p>[vc_row][vc_column][vc_empty_space height=&#8221;50px&#8221;][/vc_column][/vc_row][vc_row][vc_column width=&#8221;1/6&#8243;][vc_empty_space height=&#8221;50px&#8221;][/vc_column][vc_column width=&#8221;2/3&#8243;][vc_column_text]</p>
<h1 style="text-align: center;">Privacy Policy</h1>
<p>&nbsp;</p>
<p>[/vc_column_text][vc_empty_space height=&#8221;30px&#8221;][vc_column_text]</p>
<h4>INFORMATIVA SUL TRATTAMENTO DEI DATI PERSONALI</h4>
<p>Ai sensi dell’Art. 13, D. Lgs. 196/2003 e delle successive modifiche introdotte dal Regolamento UE 2016/679, (conosciuto come GDPR), d’ora in avanti “il Regolamento”, AZIENDA AGRICOLA TENUTA IL MORO DI DAIDONE B. E MANNINO A. S.S (d&#8217;ora in avanti &#8220;L&#8217;AZIENDA&#8221;) desidera informare che il D.lgs. n. 196 del 30 giugno 2003 (“Codice in materia di protezione dei dati personali”), successivamente modificato General Data Protection Regulation (Regolamento UE 2016/679) prevede la tutela delle persone e di altri soggetti rispetto al trattamento dei dati personali necessari per dare risposta alla sua Richiesta di informazioni. L’utilizzo dei Suoi dati personali da parte del proprio personale incaricato avverrà secondo le finalità e con le modalità indicate nella presente informativa.</p>
<p><strong><em>Ultimo aggiornamento: 25/06/2024</em></strong></p>
<h4>FINALITÀ DEL TRATTAMENTO DATI</h4>
<p>I dati personali verranno raccolti e processati per le seguenti finalità:<br />
– identificare o contattare l’utente per la fornitura di un servizio o l’esecuzione delle operazioni richieste;<br />
– consentire all’utente di beneficiare di un servizio, ad esempio per ricevere informazioni sull&#8217;AZIENDA ;</p>
<p>I dati, dopo espressa approvazione, potranno essere inviati ed elaborati da società esterne (es. Google Analytics) per la realizzazione di statistiche sui flussi di navigazione del sito.</p>
<h4>MODALITÀ DEL TRATTAMENTO</h4>
<p>I dati personali sono trattati con strumenti automatizzati per il tempo strettamente necessario a conseguire gli scopi per cui sono stati raccolti.</p>
<h4>LIBERTÀ NELLA FORNITURA DEI DATI</h4>
<p>L’utente è libero di fornire o meno i suoi dati personali. Il mancato conferimento di tali dati potrebbe comunque compromettere la fornitura del servizio richiesto.</p>
<h4>UTILIZZO DEI DATI</h4>
<p>Le informazioni personali raccolte sui siti possono essere memorizzate ed elaborate in Italia o in qualsiasi altro paese dell’UE in cui l&#8217;AZIENDA possiede rapporti di fornitura di servizi (ad esempio un mantainer web o in provider di posta elettronica).</p>
<h4>CONTROLLO E TRASFERIMENTO DEI DATI PERSONALI</h4>
<p>I dati raccolti, se necessario, o con l’obiettivo della realizzazione degli scopi già dichiarati, possono essere gestiti da un terzo soggetto designato a tale scopo, come responsabile esterno del trattamento e se ritenuto appropriato, comunicati a loro titolari di dati indipendenti. A tal fine, vengono assunte appropriate misure di sicurezza per prevenire la perdita dei dati, usi illeciti o non corretti ed accessi non autorizzati. I dati personali possono essere trasferiti all’estero, all’interno dell’UE.</p>
<p>Come descritto nella sezione seguente, l’utente può accedere ai propri dati personali ed esprimere preferenze sulle modalità in cui si desidera essere contattato.<br />
L&#8217;AZIENDA è autorizzata a divulgare le informazioni personali, solo se obbligata per legge, o nel caso in cui ci sia la ferma convinzione che tale azione sia necessaria per (a) conformità alla legge o per adeguarsi alle disposizioni di un atto giuridico con il coinvolgimento dell&#8217;AZIENDA o del sito; (b) proteggere e difendere i diritti o la proprietà dell&#8217;AZIENDA o del sito, (c) agire in circostanze estreme per proteggere la sicurezza personale del titolare, degli utenti o dei servizi dell&#8217;AZIENDA o del sito.</p>
<h4>ACCESSO AI DATI PERSONALI ( ART. 7. D. LGS. 196, 30 GIUGNO 2003 e ART.17 Regolamento UE/2016/679)</h4>
<p>L’utente ha il diritto, in qualunque momento, di ottenere dal Titolare (utilizzando il modulo fornito dal Garante per la protezione dei dati personali, <a href="https://www.garanteprivacy.it/">www.garanteprivacy.it</a>) comunicazione sull’esistenza o meno di dati personali che riguardano lui / lei ed essere informato del loro contenuto, dell’origine, verificarne la precisione, oppure richiedere che tali dati vengano integrati, aggiornati oppure cancellati (Diritto all’oblio).<br />
Per esercitare tali diritti, è sufficiente contattare il Titolare attraverso uno dei canali messi a disposizione.</p>
<h4>PROTEZIONE DEI DATI PERSONALI</h4>
<p>L&#8217;AZIENDA o del sito si impegna a proteggere incondizionatamente la riservatezza delle informazioni personali degli utenti del sito.</p>
<p>Le diverse tecnologie e procedure di protezione utilizzate sono finalizzate a proteggere le informazioni personali da accessi non autorizzati, uso o divulgazione.<br />
Per tale motivo, le informazioni personali vengono memorizzate su sistemi di computer ad accesso limitato, collocati in strutture controllate. Inoltre, quando i dati personali altamente riservati vengono trasmessi su Internet, sono protetti tramite crittografia, ad esempio con protocollo SSL (Secure Sockets Layer).<br />
L&#8217;AZIENDA si impegna inoltre, ai sensi degli articoli 33 e 34 del Regolamento, a comunicare entro e non oltre 72 ore dall’avvenuta rilevazione, ogni problematica che possa aver introdotto la perdita, la diffusione o compromissione dei dati personali raccolti (Data Breach).<br />
Tale comunicazione avverrà in primo luogo all’autorità garante competente, e, in seguito, anche ai diretti interessati, in maniera personale o tramite comunicazione pubblica, a seconda dell’entità dei soggetti coinvolti.</p>
<h4>COOKIES INSTALLATI</h4>
<p>Consultare la pagina dedicata alla <a href="https://velari.it/en/cookie-policy-ue/">COOKIE POLICY</a></p>
<h4>MODIFICHE A QUESTA INFORMATIVA SULLA PRIVACY</h4>
<p>L&#8217;AZIENDA sarà in grado di aggiornare, occasionalmente, la presente informativa sulla privacy.<br />
In questi casi, la data all’inizio della informativa verrà modificata a quella dell’ultimo aggiornamento.<br />
In caso di modifiche sostanziali al contenuto dell’informativa, l&#8217;AZIENDA informerà gli utenti pubblicando avvisi home page del sito, o in alternativa, inviando direttamente avvisi agli utenti. L&#8217;AZIENDA suggerisce la lettura periodicamente questa informativa sulla privacy, in modo da poter essere sempre aggiornati sulle iniziative svolte da l&#8217;AZIENDA per proteggere la riservatezza delle informazioni personali raccolte.</p>
<h4>TITOLARE DEI DATI</h4>
<p>Il titolare dei dati è &#8220;Azienda Agricola Tenuta il Moro di Daidone B. e Mannino A. s.s&#8221;, P.IVA 01279320525 .</p>
<h4>CONTATTI</h4>
<p>Tutte le richieste, incluse quelle relative all’esercizio degli articoli 7 D.Lgs. 196/2003 e 17 UE/2016/679, dovranno essere indirizzate a <a href="mailto:info@velari.it">info@velari.it</a>.</p>
<p>[/vc_column_text][/vc_column][vc_column width=&#8221;1/6&#8243;][/vc_column][/vc_row]</p>
</div>
